{"id":359,"date":"2025-02-25T09:26:06","date_gmt":"2025-02-25T12:26:06","guid":{"rendered":"https:\/\/atyca.tur.ar\/excursiones\/camino-de-estancias-jesuiticas\/"},"modified":"2025-02-25T09:26:06","modified_gmt":"2025-02-25T12:26:06","slug":"camino-de-estancias-jesuiticas","status":"publish","type":"excursion","link":"https:\/\/atyca.tur.ar\/en\/excursiones\/camino-de-estancias-jesuiticas\/","title":{"rendered":"Camino de Estancias Jesu\u00edticas"},"content":{"rendered":"<p>Salida desde el hotel. En esta excursi\u00f3n se recorrer\u00e1n las estancias Jesu\u00edticas de Jes\u00fas Maria, Caroya y Santa Catalina, declaradas Patrimonio Hist\u00f3rico de la Humanidad por UNESCO; donde se conocer\u00e1 la historia y el legado que la Orden de la Compa\u00f1\u00eda de Jes\u00fas plasm\u00f3 en nuestro territorio. Al finalizar, regreso al hotel.<\/p>\n<p>\u00a0<\/p>","protected":false},"excerpt":{"rendered":"<p>Salida desde el hotel. En esta excursi\u00f3n se recorrer\u00e1n las estancias Jesu\u00edticas de Jes\u00fas Maria, Caroya y Santa Catalina, declaradas Patrimonio Hist\u00f3rico de la Humanidad por UNESCO; donde se conocer\u00e1 la historia y el legado que la Orden de la Compa\u00f1\u00eda de Jes\u00fas plasm\u00f3 en nuestro territorio. Al finalizar, regreso al hotel. \u00a0<\/p>","protected":false},"featured_media":239,"template":"","destino":[11],"class_list":["post-359","excursion","type-excursion","status-publish","has-post-thumbnail","hentry","destino-cordoba"],"acf":[],"_links":{"self":[{"href":"https:\/\/atyca.tur.ar\/en\/wp-json\/wp\/v2\/excursion\/359","targetHints":{"allow":["GET"]}}],"collection":[{"href":"https:\/\/atyca.tur.ar\/en\/wp-json\/wp\/v2\/excursion"}],"about":[{"href":"https:\/\/atyca.tur.ar\/en\/wp-json\/wp\/v2\/types\/excursion"}],"wp:featuredmedia":[{"embeddable":true,"href":"https:\/\/atyca.tur.ar\/en\/wp-json\/wp\/v2\/media\/239"}],"wp:attachment":[{"href":"https:\/\/atyca.tur.ar\/en\/wp-json\/wp\/v2\/media?parent=359"}],"wp:term":[{"taxonomy":"destino","embeddable":true,"href":"https:\/\/atyca.tur.ar\/en\/wp-json\/wp\/v2\/destino?post=359"}],"curies":[{"name":"wp","href":"https:\/\/api.w.org\/{rel}","templated":true}]}}

Camino de Estancias Jesuíticas

<p>Salida desde el hotel. En esta excursión se recorrerán las estancias Jesuíticas de Jesús Maria, Caroya y Santa Catalina, declaradas Patrimonio Histórico de la Humanidad por UNESCO; donde se conocerá la historia y el legado que la Orden de la Compañía de Jesús plasmó en nuestro territorio. Al finalizar, regreso al hotel.</p>
<p> </p>

<p>Salida desde el hotel. En esta excursión se recorrerán las estancias Jesuíticas de Jesús Maria, Caroya y Santa Catalina, declaradas Patrimonio Histórico de la Humanidad por UNESCO; donde se conocerá la historia y el legado que la Orden de la Compañía de Jesús plasmó en nuestro territorio. Al finalizar, regreso al hotel.  </p>
